+ 250 = 0, -2*f + 290 = f - 4*v. What are the prime factors of f?
2, 3, 5
Suppose -5*v + 0 = -x + 4, 12 = 3*x - 4*v. Suppose x*f + 5*c - 99 = 0, 0 = -0*f + 3*f - c - 60. List the prime factors of f.
3, 7
Suppose 0 = 3*n - 7*n + 4. Let u be n/(35/(-18) + 2). Suppose -u = -3*f - 3. List the prime factors of f.
5
Let n(t) = 8*t**2 - 4*t + 3. Let c be n(2). Let a = -14 + c. List the prime factors of a.
13
List the prime factors of (-2)/10 - 1162/(-35).
3, 11
Let k(l) be the second derivative of 2*l**3/3 - l**2 + 7*l. Let p be 1 + 1/((-2)/(-4)). List the prime factors of k(p).
2, 5
Let j = 27 + 14. List the prime factors of j.
41
Let n be 4/(-14) - (-164)/(-14). Let u = n - -20. List the prime factors of u.
2
Let u(l) = l**3 + 10*l**2 + 3*l + 7. What are the prime factors of u(-7)?
7, 19
Suppose 4 = 4*f - 0*f - x, -x = 4*f + 4. Suppose -s + f = -1, -5*u + 48 = 3*s. What are the prime factors of u?
3
Let l(m) = 5*m**2 + m - 7. Let r = -6 + 3. What are the prime factors of l(r)?
5, 7
Let w(s) = -3*s - 2. Let r be w(-3). Let x = 15 + -21. List the prime factors of 33/r - x/21.
5
Suppose 0 = j + 1 + 1, 2*j = -4*k + 12. Suppose -k*r + 13 = -11. What are the prime factors of r?
2, 3
Let o(x) = 6*x - 3. Let l be o(2). What are the prime factors of (66 - l)*(-4)/(-6)?
2, 19
Suppose 5*v + 20 = -3*a, 4*v - a + 40 = 7. Let n = 11 + v. List the prime factors of n.
2
Let a(m) = 10*m - 4. Let d be a(3). Suppose i + 6 = s, 0 = 2*s - s + 4*i - d. List the prime factors of s.
2, 5
Let n = -9 + 14. Let q = n - 5. Suppose -5*f - 17 + 62 = q. List the prime factors of f.
3
Suppose -4*i + 3 = 131. Suppose 0 = -4*l - 5*d + 3, 3*d = -4*l - d + 4. What are the prime factors of l/(-10) - i/10?
3
Let l = 6 + -3. Suppose -5*w - 2*a = -100, -l*a - 32 = -w - a. Let p = w + -16. List the prime factors of p.
2, 3
Suppose 8*k - 20 = 3*k. Let p(w) be the third derivative of w**6/120 - w**5/15 + w**4/8 - w**3/2 + 2*w**2. What are the prime factors of p(k)?
3
List the prime factors of (-86)/(-6) + (-3)/(1 - -8).
2, 7
Suppose 0*k - 10 = -3*d - k, 4*d - 12 = -2*k. Suppose 0 = -4*l - a + 57, -d*a = -4*l - 7*a + 51. What are the prime factors of l?
3, 5
Let u be ((0 - -4)*-1)/(-2). Suppose -m - 2 = -u*m. Let t(r) = 4*r + 2. List the prime factors of t(m).
2, 5
Suppose -5*y + 4*m + 21 = 0, 0 = -2*y - 0*y - m + 11. What are the prime factors of y?
5
Let r = 20 + -27. Let n(j) = -5*j - 1. Let l be n(-4). Let i = l + r. List the prime factors of i.
2, 3
Let v(p) = 2*p**2 - p. Suppose 3*a = -15, -3*t + 2*a + 2*a = -20. Let o be t + (-1)/1*1. What are the prime factors of v(o)?
3
List the prime factors of 12/36*(914 + 1).
5, 61
Let p be 2 + -3 + 0 + -2. Let j = p - 8. Let v = 25 + j. What are the prime factors of v?
2, 7
Suppose 5*s = -0*s - 70. Let c = s + 0. Let x = 22 + c. List the prime factors of x.
2
Suppose 5*q + 33 = -3*h, 5*q = -10 - 5. Let p = h + 16. List the prime factors of p.
2, 5
Suppose 3*f + 2*f = -4*y + 142, 3*y + 6 = 0. List the prime factors of f.
2, 3, 5
List the prime factors of 31 + (0/(-2) - 3).
2, 7
Let k = 49 + -8. Suppose 0 = -4*y + 5*u + k, -u = -3*y + 14 + 3. Suppose -4*z + 5*s - 29 = -6*z, -y*z + 51 = 3*s. List the prime factors of z.
2, 3
Suppose 2*o - 12 = -2*o. Suppose c + 4*i - 38 = 0, o*c - 14 - 61 = i. Let q = c - 15. List the prime factors of q.
11
Let b(m) = -m**2 - 10*m - 5. Let o be b(-8). Let a = 25 + 0. Let j = a - o. What are the prime factors of j?
2, 7
Let n be 3 + -2 + -1 - 0. Let t be 0/3 - n/2. Suppose 5*z - z - 32 = t. What are the prime factors of z?
2
Suppose -710 - 208 = -6*y. List the prime factors of y.
3, 17
Suppose -6*i + 15 = -3*i. Let h be 32/(-20)*(-50)/4. Suppose i = -g + h. What are the prime factors of g?
3, 5
Suppose -a - p = -48, -2*p + p = 3*a - 154. List the prime factors of a.
53
Let m(z) be the first derivative of z**3/3 - z**2/2 + 4*z + 1. Let a be m(0). Suppose p - 23 = 5*c, 0*p - 5*c = a*p - 17. List the prime factors of p.
2
Suppose -4*i + 10 = -2*i. Suppose -115 = -4*k + i*t, -2*k - 4*t = -2*t - 44. List the prime factors of k.
5
Let t = 107 + -29. Suppose t = 4*i + 2. What are the prime factors of i?
19
Let q be -1*(0 + 2 + -3). Let j be -2*(0 + q) - -3. Let c = 4 + j. What are the prime factors of c?
5
Let f(i) = 6*i**2 + 4*i - 6. Let m be f(-5). Suppose 5*s - 3*d - m = 0, s - 3*s = -3*d - 46. What are the prime factors of s?
2, 13
Let w be 4 - (2 - 3 - -2). Suppose -m = 2*m - w. List the prime factors of (-1 - -3 - 0)*m.
2
Let u be (3 + 5)*6/4. Let s = 37 - u. What are the prime factors of s?
5
Let w(t) = 11*t**2 + 25*t + 25. Let m(f) = -5*f**2 - 12*f - 12. Let j(c) = 13*m(c) + 6*w(c). What are the prime factors of j(-4)?
2, 17
Let i = 170 - 109. Let r = -24 + i. List the prime factors of r.
37
Suppose 5852 = -8*t + 30*t. What are the prime factors of t?
2, 7, 19
What are the prime factors of 21/2*4 - 1?
41
Let d(b) = 2*b - 1 - 1 + 0. Let n(r) = 3*r - 3. Let h(y) = 7*d(y) - 5*n(y). List the prime factors of h(-3).
2
Let k be -5 + 23 + -1 + 1. List the prime factors of k/(-4)*24/(-18).
2, 3
Suppose 3*s + 0*s - 39 = 0. Suppose -23 = -3*j + s. What are the prime factors of j?
2, 3
Suppose 0 = 3*b + 5*l + 38, 2*l + 6 + 5 = -b. Let x = b - -43. What are the prime factors of x?
2, 11
Suppose -w = -4*w + 12. Suppose 2*l + 2 - 44 = w*g, -3*l + 59 = -5*g. List the prime factors of l.
13
Let u(j) = j + j**2 + 0*j - 1 - 3*j - 2*j. Suppose -2*c + 5*q + 27 = 0, -5*c + 2*q - 3*q + 27 = 0. List the prime factors of u(c).
11
Let h(x) = -x + 13 + 2*x + 3. Let j be h(-9). Suppose 1 = -3*m + j. List the prime factors of m.
2
Suppose j = -3*j - 3*d - 18, 0 = 5*d + 10. What are the prime factors of 7/((9/(-6))/j)?
2, 7
Let u = -105 + 205. What are the prime factors of u?
2, 5
Let y(g) = g**3 + 7*g**2 - 9*g - 5. Let x(o) = o**2 - 8*o - 8. Let t be x(8). Let d be y(t). List the prime factors of (1 - -2)*1 + d.
2, 3
Let o be 1/5 - (-96)/20. Let m be 128/o - 10/(-25). Let u = m + -12. List the prime factors of u.
2, 7
Suppose 2*m + h = 13, -m + 0*m - 21 = -5*h. List the prime factors of ((-12)/(-21))/(m/14).
2
Suppose 7*q - 345 = 2*q. List the prime factors of q.
3, 23
Suppose -4*r + 7 + 1 = -4*x, 0 = -4*x + 8. Suppose r*t - 7 = 1. What are the prime factors of t?
2
Let i(y) = 2*y**3 - 7*y**2 + 6*y - 4. Let d be i(4). Let w = d + -19. What are the prime factors of w?
17
Let q(t) = -t**3 + 7*t**2 + 10*t - 11. Let c be q(8). Let p = 5 + c. What are the prime factors of p?
2, 5
Let s = -9 + 21. Suppose -4*f = 2*h - 6*f - s, 2*h = -4*f - 12. List the prime factors of h.
2
Let k = -76 - -111. Suppose z + 7 = k. What are the prime factors of z?
2, 7
Let y(r) = -13*r - 11. What are the prime factors of y(-10)?
7, 17
Let n(q) = -q**3 - 6*q**2 - q - 4. Let a be n(-6). List the prime factors of a/(-4) + 13/2.
2, 3
Let q be -2 + (-4)/((-4)/33). Let z = 53 - q. List the prime factors of z.
2, 11
Let z(y) = 3*y - 3. Let r(x) = -6*x + 6. Let g(s) = 2*r(s) + 5*z(s). Let w be (30/4)/3*2. What are the prime factors of g(w)?
2, 3
Let z(w) be the first derivative of w**4/4 + 5*w**3/3 + 2*w**2 - w - 2. What are the prime factors of z(-3)?
5
Suppose -y = -4*l + 98, 5*l - 118 = -y - 0*y. List the prime factors of (-1)/((3/l)/(-1)).
2
Suppose 50 + 27 = 7*j. List the prime factors of j.
11
Suppose -u = 3*u - 176. Suppose -4*d - u = -6*d. List the prime factors of d.
2, 11
Let q = 10 - 4. Let b be 4/q*30/(-2). List the prime factors of 0 + 2 - (b - -2).
2, 5
Suppose -k + 278 = -2*k. Let j = k + 446. List the prime factors of j/20 - (-4)/(-10).
2
Let x = 136 + -76. List the prime factors of x.
2, 3, 5
Let m(x) = 2*x + 2*x - 6 + 0*x - x. What are the prime factors of m(4)?
2, 3
Let t = -48 - -149. List the prime factors of t.
101
Suppose 8*v - 5*v + 3*g + 105 = 0, 2*v = -g - 74. What are the prime factors of 111/39 + (-6)/v?
3
Let b = 21 - 16. Suppose 0 = -3*m - q + 110, 0*m = -3*m - b*q + 118. What are the prime factors of m?
2, 3
Let n(b) = 0*b**2 - 2*b**2 - 5 + b**3 - b - b**2. Let t be 7/2 + 1/2. List the prime factors of n(t).
7
Suppose -4*v = -3*v - 124. List the prime factors of 1/(-2) + v/8.
3, 5
Suppose 6*n - 41 = 253. List the prime factors of n.
7
Let l = -85 - -48. Let x = l + 55. What are the prime factors of x?
2, 3
Let n(g) = 3*g**2 + 7*g + 21. What